 = -4*j**2 + 185*j + 65. Calculate s(46).
111
Let k(c) = -3*c**2 - 101*c - 25. Calculate k(-34).
-59
Let j(u) = 35*u**2 - 11*u + 6. What is j(-2)?
168
Let r(t) = -1688*t - 30378. Calculate r(-18).
6
Let l(i) = 2*i**3 - 2*i**2 + 3*i + 243. Give l(0).
243
Let x(u) = 1685*u + 8437. What is x(-5)?
12
Let t(j) = 7*j**2 - 16*j - 48. Give t(4).
0
Let s(a) = -a**2 - 25*a + 64. Give s(-28).
-20
Let a(w) = 82*w + 409. Calculate a(-5).
-1
Let r(g) = 5*g**2 - 16*g - 99. What is r(-9)?
450
Let s(n) = -2*n**3 - 14*n**2 - 70*n - 263. Calculate s(-5).
-13
Let q(m) = 2*m**3 - 133*m**2 + 73*m - 470. Calculate q(66).
-8
Let o(c) = -68*c + 704. Calculate o(9).
92
Let d(k) = -2*k**2 - 12*k - 17. What is d(-5)?
-7
Let w(n) = -73*n + 264. Determine w(5).
-101
Let k(z) = -z**3 + 24*z**2 + 54*z - 51. Calculate k(26).
1
Let p(i) = 160*i - 24. Calculate p(-4).
-664
Let v(h) = -300*h - 16503. Determine v(-55).
-3
Let j(t) = -t - 67. What is j(-23)?
-44
Let y(d) = -d**3 + 127*d**2 - 610*d - 12. Give y(122).
-12
Let j(w) = 124*w + 11. Calculate j(-1).
-113
Let b(h) = -h**2 - 30*h - 171. Calculate b(-18).
45
Let g(c) = -c**3 + 20*c**2 + 166*c - 267. Determine g(26).
-7
Let b(v) = 638*v + 9304. Determine b(-15).
-266
Let y(a) = 2*a**2 + 99*a + 1208. Give y(-23).
-11
Let s(j) = -j**3 - 36*j**2 + 1357*j - 63. Give s(23).
-63
Let z(x) = 185*x**2 + 614*x + 613. Determine z(-1).
184
Let m(l) = -l**3 + 57*l**2 + 4*l - 186. Determine m(57).
42
Let m(f) = -1830*f + 20133. Calculate m(11).
3
Let m(d) = 11*d - 58. What is m(0)?
-58
Let j(q) = 17*q**2 + 9*q - 7. Give j(2).
79
Let m(i) = 8*i - 615. Give m(68).
-71
Let t(o) = 398*o**2 - 3180*o - 23. Give t(8).
9
Let f(s) = -2*s**3 + 33*s**2 + 207*s - 17. Give f(-5).
23
Let w(u) = -2*u**3 + 6*u**2 - 26*u + 128. What is w(4)?
-8
Let t(c) = -3*c**3 + 44*c**2 - 40*c + 166. What is t(14)?
-2
Let i(j) = -125*j + 9993. Determine i(80).
-7
Let a(t) = -t**3 - 219*t**2 + 425*t - 3764. Determine a(-221).
-7
Let v(u) = 2*u**2 - 137*u + 1477. Calculate v(55).
-8
Let z(m) = 4*m**3 + 5*m**2 + m + 24. What is z(-3)?
-42
Let g(d) = -55*d - 12119. Calculate g(-220).
-19
Let w(k) = 5*k**3 - 109*k**2 + 227*k - 952. Calculate w(20).
-12
Let c(r) = -184*r**2 + 24*r - 22. What is c(1)?
-182
Let f(t) = t**3 - 42*t**2 + 431*t - 993. Give f(11).
-3
Let w(f) = -15*f + 647. Give w(48).
-73
Let n(m) = -2*m - 78. Give n(-42).
6
Let o(g) = g**3 - 27*g**2 - 5074*g + 41. Give o(-59).
41
Let l(p) = p**3 + 70*p**2 + 7*p + 486. What is l(-70)?
-4
Let z(o) = -2*o**2 + 2*o + 12. Determine z(2).
8
Let q(s) = s**2 + 114*s + 684. Calculate q(-107).
-65
Let y(t) = t**2 - 133. Calculate y(17).
156
Let w(x) = x**3 - 8*x**2 + 15*x - 24. Calculate w(6).
-6
Let s(d) = 197*d - 835. Give s(6).
347
Let y(u) = -u**3 - 27*u**2 - 15*u + 83. Calculate y(-26).
-203
Let p(q) = -76*q + 637. Give p(8).
29
Let a(s) = 4*s**2 - 85*s - 70. What is a(22)?
-4
Let a(p) = -2*p**2 - 13*p + 19. Determine a(2).
-15
Let v(j) = j**3 - 26*j**2 - 92*j + 157. Determine v(29).
12
Let h(c) = 157*c - 36738. Calculate h(234).
0
Let t(w) = w**3 + 5*w**2 + 100*w + 386. Calculate t(-4).
2
Let z(v) = -4*v**2 - 85*v - 87. Give z(-20).
13
Let j(p) = -5538*p - 38770. Determine j(-7).
-4
Let x(v) = 2*v**3 - 266*v**2 + 14*v - 1853. Determine x(133).
9
Let c(f) = 56*f + 1178. Determine c(-21).
2
Let x(q) = -12*q**2 - 47*q - 8. Give x(-6).
-158
Let l(v) = 2*v**2 - 5*v - 7. Give l(-1).
0
Let m(d) = -35*d**2 - 3*d + 12. Give m(2).
-134
Let r(w) = -10*w + 372. Calculate r(36).
12
Let c(g) = -3*g**2 - 98*g - 577. Determine c(-7).
-38
Let g(n) = -n**3 + 330*n**2 + 1019*n - 6651. Calculate g(333).
9
Let y(p) = -p**3 - 13*p**2 + 7*p + 363. Give y(-10).
-7
Let c(n) = -3*n - 278. Calculate c(-83).
-29
Let j(m) = -56*m**3 + 4*m**2 - 1. Determine j(-1).
59
Let b(l) = -l**2 - 4*l - 2. Calculate b(6).
-62
Let j(q) = -113567*q + 794973. What is j(7)?
4
Let m(i) = -4*i**2 - 108*i - 107. What is m(-26)?
-3
Let b(d) = 8*d**3 + 4*d**2 + 53*d + 55. What is b(-1)?
-2
Let z(h) = h**3 - 24*h**2 + 129*h + 5. What is z(16)?
21
Let s(y) = -11*y + 1103. Give s(89).
124
Let l(u) = 726*u + 882. Give l(-1).
156
Let m(y) = y**3 - y**2 + 66*y - 12. Calculate m(0).
-12
Let a(j) = -12*j - 377. Calculate a(-30).
-17
Let n(m) = -2*m**2 - 39*m - 152. Determine n(-5).
-7
Let p(t) = t**3 + 8*t**2 - 4*t + 20. Calculate p(-9).
-25
Let v(k) = 143*k - 72. Determine v(4).
500
Let t(i) = 4*i**2 - 100*i - 5318. Determine t(-26).
-14
Let k(v) = v**3 + 47*v**2 - 13*v - 52. Determine k(-47).
559
Let k(w) = 2*w**3 + 20*w**2 + 16*w + 23. What is k(-9)?
41
Let t(b) = -7*b**2 + 51*b + 12. Calculate t(8).
-28
Let s(g) = g**2 + 4*g - 5038. Determine s(69).
-1
Let m(o) = -168*o - 2192. What is m(-13)?
-8
Let z(g) = -214*g - 4538. What is z(-22)?
170
Let m(j) = j**3 + 17*j**2 - 63*j - 194. Calculate m(-10).
1136
Let l(v) = -84*v - 1419. What is l(-17)?
9
Let j(m) = 38*m + 32. Calculate j(-2).
-44
Let o(w) = 17*w + 566. What is o(-26)?
124
Let w(j) = -32*j + 122. Calculate w(9).
-166
Let v(j) = j**3 - 8*j**2 - 17*j - 16. What is v(10)?
14
Let d(a) = 154*a - 2309. Give d(15).
1
Let c(o) = 2778*o - 61129. What is c(22)?
-13
Let o(i) = 754*i - 33191. Calculate o(44).
-15
Let f(d) = -d**3 + 30*d**2 - 39*d + 287. Determine f(29).
-3
Let k(w) = w**2 + 86*w + 535. Calculate k(-7).
-18
Let c(r) = r**2 - 3*r - 65. Calculate c(-14).
173
Let b(o) = 796*o + 1532. Determine b(-2).
-60
Let p(k) = 2*k**3 - 4*k**2 - 9*k - 9. Calculate p(-2).
-23
Let u(i) = -i**2 + 72*i + 537. What is u(79)?
-16
Let j(q) = 66*q + 3820. Calculate j(-58).
-8
Let x(i) = -67*i + 794. Give x(12).
-10
Let g(f) = -11*f**2 - 35*f + 17. Give g(-6).
-169
Let u(i) = -734*i - 2199. Determine u(-3).
3
Let m(g) = 41*g - 11410. Determine m(278).
-12
Let u(i) = 16*i + 377. Give u(-23).
9
Let o(q) = 2*q**2 + 28*q + 107. Determine o(-9).
17
Let a(v) = -454*v - 4953. What is a(-11)?
41
Let c(o) = o**3 + 21*o**2 + 78*o + 9. Calculate c(-15).
189
Let z(n) = 2*n**3 + 37*n**2 - 170*n - 14. Give z(4).
26
Let n(v) = -v**3 - 109*v**2 + 121*v + 1214. What is n(-110)?
4
Let d(b) = 6*b**2 - 49*b - 14. Calculate d(7).
-63
Let t(r) = 12*r**2 + 21*r - 13. Calculate t(-3).
32
Let p(o) = -o**3 - 6*o**2 + 13*o - 29. Calculate p(-8).
-5
Let v(u) = 6*u**3 - 41*u**2 + 36*u - 48. Give v(6).
-12
Let m(d) = -d**2 - 8*d - 42. Determine m(-4).
-26
Let i(v) = -v**3 + 15*v**2 - 20*v + 32. Determine i(12).
224
Let i(d) = -7*d**2 + 601*d - 5756. Determine i(11).
8
Let o(f) = -17*f + 34. Determine o(4).
-34
Let f(j) = j**2 - 293*j + 2834. Calculate f(10).
4
Let i(r) = -r**3 + 108*r**2 + 91*r + 1961. Determine i(109).
-1
Let r(a) = -32*a + 1065. Determine r(47).
-439
Let b(r) = -r**2 + 26*r + 56. Determine b(26).
56
Let m(p) = 53*p - 146. What is m(2)?
-40
Let q(t) = 5*t + 161. Determine q(-6).
131
Let m(a) = 3*a**3 + 2*a**2 + 6*a. Calculate m(3).
117
Let n(y) = -30*y**3 + 2*y. Give n(-2).
236
Let m(y) = -y**3 - 36*y**2 - 33*y + 112. What is m(-35)?
42
Let a(x) = x**3 + 22*x**2 - 24*x - 234. Calculate a(-24).
-810
Let p(j) = -j**2 + 3020*j + 30304. What is p(-10)?
4
Let q(o) = -o**2 - 37*o - 148. Determine q(-35).
-78
Let k(s) = s**3 + 2*s**2 - 13*s - 17. Give k(-4).
3
Let s(t) = -141*t - 132. Determine s(-4).
432
Let t(x) = -x**2 + 120*x - 2502. Calculate t(93).
9
Let i(x) = x**3 - 63*x**2 - 201*x + 169. Calculate i(66).
-29
Let u(p) = -25*p**3 - 303*p**2 - 32*p + 41. Determine u(-12).
-7
Let t(f) = -572*f**3 + 9*f**2 - 4*f + 3. What is t(1)?
-564
Let g(j) = j**3 + 3*j**2 + 69*j + 135. Determine g(-2).
1
Let h(s) = -s**3 - 31*s**2 + 372*s - 103. What is h(9)?
5
Let i(w) = -566*w + 120002. Give i(212).
10
Let x(j) = 3*j**3 + 22*j**2 - 22*j - 43. Determine x(-8).
5
Let u(c) = 120*c + 854. Give u(-7).
14
Let b(h) = -172*h**2 + 7*h - 5. Give b(1).
-170
Let o(y) = y**3 - 11*y**2 - 318*y - 68. What is o(-13)?
10
Let u(z) = -3*z - 403. Determine u(-132).
-7
Let w(n) = -39*n + 5. Give w(-3).
122
Let t(p) = 80*p + 3644. Calculate t(-44).
124
Let i(g) = -2*g**3 - 25*g**2 - 12*g + 13. What is i(-12)?
13
Let k(o) = o**3 - 16*o**2 + 17*o + 99. What is k(14)?
-55
Let c(j) = 5*j**2 + 121*j + 132. Calculate c(-23).
-6
Let g(v) = v**2 + 371*v + 3596. What is g(-10)?
-14
Let s(f) = -7*f**3 + 28*f**2 - 8*f + 34. Calculate s(4).
2
Let j(i) = -i**3 + 4*i**2 + 94*i - 432. What 